{"id":3110,"date":"2019-06-28T13:59:00","date_gmt":"2019-06-28T12:59:00","guid":{"rendered":"http:\/\/fiets.wp-forma.be\/?post_type=product&#038;p=3110"},"modified":"2019-06-28T13:59:58","modified_gmt":"2019-06-28T12:59:58","slug":"trek-lm5-heren","status":"publish","type":"product","link":"https:\/\/fiets.wp-forma.be\/fr\/produit\/trek-lm5-heren\/","title":{"rendered":"Trek LM5+ Heren"},"content":{"rendered":"<p>De LM5+ is waar een fraai uiterlijk, comfort en betrouwbaarheid samenkomen in een elektrische vrijetijdsfiets die nauwelijks onderhoud nodig heeft. Van het frame tot aan de contactpunten is elk onderdeel van deze e-bike ontworpen vanuit het oogpunt van comfort. Hij heeft een 500 Wh accu die in de onderbuis is ge\u00efntegreerd en een Cable GuidR stuurpen die de kabels beschermt en netjes wegwerkt. Het comfort-geori\u00ebnteerde ontwerp en de ge\u00efntegreerde Shimano 8-speed aandrijving maken hem meer dan geschikt voor langere ritten, woon-werkverkeer of gewoon een ontspannen ritje op het fietspad na het werk.<\/p>","protected":false},"excerpt":{"rendered":"<p>De LM5+ is waar een fraai uiterlijk, comfort en betrouwbaarheid samenkomen in een elektrische vrijetijdsfiets die nauwelijks onderhoud nodig heeft. Van het frame tot aan&hellip;<\/p>","protected":false},"featured_media":3111,"comment_status":"closed","ping_status":"closed","template":"","meta":[],"pwb-brand":[52],"product_cat":[140,39,42],"product_tag":[],"yoast_head":"<!-- This site is optimized with the Yoast SEO plugin v19.6.1 - https:\/\/yoast.com\/wordpress\/plugins\/seo\/ -->\n<title>Trek LM5+ Heren - Site web Demo<\/title>\n<meta name=\"robots\" content=\"noindex, follow, max-snippet:-1, max-image-preview:large, max-video-preview:-1\" \/>\n<meta property=\"og:locale\" content=\"fr_FR\" \/>\n<meta property=\"og:type\" content=\"article\" \/>\n<meta property=\"og:title\" content=\"Trek LM5+ Heren - Site web Demo\" \/>\n<meta property=\"og:description\" content=\"De LM5+ is waar een fraai uiterlijk, comfort en betrouwbaarheid samenkomen in een elektrische vrijetijdsfiets die nauwelijks onderhoud nodig heeft. Van het frame tot aan&hellip;\" \/>\n<meta property=\"og:url\" content=\"https:\/\/fiets.wp-forma.be\/fr\/produit\/trek-lm5-heren\/\" \/>\n<meta property=\"og:site_name\" content=\"Site web Demo\" \/>\n<meta property=\"article:publisher\" content=\"https:\/\/www.facebook.com\/Fietsen-Van-Campenhout-298572584079785\" \/>\n<meta property=\"article:modified_time\" content=\"2019-06-28T12:59:58+00:00\" \/>\n<meta property=\"og:image\" content=\"https:\/\/fiets.wp-forma.be\/wp-content\/uploads\/1974640_2018_A_1_LM5_Plus_Men_Matte_Black.jpg\" \/>\n\t<meta property=\"og:image:width\" content=\"1920\" \/>\n\t<meta property=\"og:image:height\" content=\"1440\" \/>\n\t<meta property=\"og:image:type\" content=\"image\/jpeg\" \/>\n<meta name=\"twitter:card\" content=\"summary_large_image\" \/>\n<script type=\"application\/ld+json\" class=\"yoast-schema-graph\">{\"@context\":\"https:\/\/schema.org\",\"@graph\":[{\"@type\":\"WebPage\",\"@id\":\"https:\/\/fiets.wp-forma.be\/product\/trek-lm5-heren\/\",\"url\":\"https:\/\/fiets.wp-forma.be\/product\/trek-lm5-heren\/\",\"name\":\"Trek LM5+ Heren - Site web Demo\",\"isPartOf\":{\"@id\":\"http:\/\/fiets.wp-forma.be\/#website\"},\"datePublished\":\"2019-06-28T12:59:00+00:00\",\"dateModified\":\"2019-06-28T12:59:58+00:00\",\"breadcrumb\":{\"@id\":\"https:\/\/fiets.wp-forma.be\/product\/trek-lm5-heren\/#breadcrumb\"},\"inLanguage\":\"fr-BE\",\"potentialAction\":[{\"@type\":\"ReadAction\",\"target\":[\"https:\/\/fiets.wp-forma.be\/product\/trek-lm5-heren\/\"]}]},{\"@type\":\"BreadcrumbList\",\"@id\":\"https:\/\/fiets.wp-forma.be\/product\/trek-lm5-heren\/#breadcrumb\",\"itemListElement\":[{\"@type\":\"ListItem\",\"position\":1,\"name\":\"Home\",\"item\":\"http:\/\/fiets.wp-forma.be\/\"},{\"@type\":\"ListItem\",\"position\":2,\"name\":\"Shop\",\"item\":\"https:\/\/fiets.wp-forma.be\/?page_id=32\"},{\"@type\":\"ListItem\",\"position\":3,\"name\":\"Trek LM5+ Heren\"}]},{\"@type\":\"WebSite\",\"@id\":\"http:\/\/fiets.wp-forma.be\/#website\",\"url\":\"http:\/\/fiets.wp-forma.be\/\",\"name\":\"Fietsen Van Campenhout\",\"description\":\"\",\"publisher\":{\"@id\":\"http:\/\/fiets.wp-forma.be\/#organization\"},\"potentialAction\":[{\"@type\":\"SearchAction\",\"target\":{\"@type\":\"EntryPoint\",\"urlTemplate\":\"http:\/\/fiets.wp-forma.be\/?s={search_term_string}\"},\"query-input\":\"required name=search_term_string\"}],\"inLanguage\":\"fr-BE\"},{\"@type\":\"Organization\",\"@id\":\"http:\/\/fiets.wp-forma.be\/#organization\",\"name\":\"Fietsen Van Campenhout\",\"url\":\"http:\/\/fiets.wp-forma.be\/\",\"sameAs\":[\"https:\/\/www.instagram.com\/fietsenvancampenhout\/\",\"https:\/\/www.facebook.com\/Fietsen-Van-Campenhout-298572584079785\"],\"logo\":{\"@type\":\"ImageObject\",\"inLanguage\":\"fr-BE\",\"@id\":\"http:\/\/fiets.wp-forma.be\/#\/schema\/logo\/image\/\",\"url\":\"http:\/\/fiets.wp-forma.be\/wp-content\/uploads\/2019\/01\/fietsen-van-campenhout-logo.png\",\"contentUrl\":\"http:\/\/fiets.wp-forma.be\/wp-content\/uploads\/2019\/01\/fietsen-van-campenhout-logo.png\",\"width\":300,\"height\":232,\"caption\":\"Fietsen Van Campenhout\"},\"image\":{\"@id\":\"http:\/\/fiets.wp-forma.be\/#\/schema\/logo\/image\/\"}}]}<\/script>\n<!-- \/ Yoast SEO plugin. -->","yoast_head_json":{"title":"Trek LM5+ Heren - Site web Demo","robots":{"index":"noindex","follow":"follow","max-snippet":"max-snippet:-1","max-image-preview":"max-image-preview:large","max-video-preview":"max-video-preview:-1"},"og_locale":"fr_FR","og_type":"article","og_title":"Trek LM5+ Heren - Site web Demo","og_description":"De LM5+ is waar een fraai uiterlijk, comfort en betrouwbaarheid samenkomen in een elektrische vrijetijdsfiets die nauwelijks onderhoud nodig heeft. Van het frame tot aan&hellip;","og_url":"https:\/\/fiets.wp-forma.be\/fr\/produit\/trek-lm5-heren\/","og_site_name":"Site web Demo","article_publisher":"https:\/\/www.facebook.com\/Fietsen-Van-Campenhout-298572584079785","article_modified_time":"2019-06-28T12:59:58+00:00","og_image":[{"width":1920,"height":1440,"url":"https:\/\/fiets.wp-forma.be\/wp-content\/uploads\/1974640_2018_A_1_LM5_Plus_Men_Matte_Black.jpg","type":"image\/jpeg"}],"twitter_card":"summary_large_image","schema":{"@context":"https:\/\/schema.org","@graph":[{"@type":"WebPage","@id":"https:\/\/fiets.wp-forma.be\/product\/trek-lm5-heren\/","url":"https:\/\/fiets.wp-forma.be\/product\/trek-lm5-heren\/","name":"Trek LM5+ Heren - Site web Demo","isPartOf":{"@id":"http:\/\/fiets.wp-forma.be\/#website"},"datePublished":"2019-06-28T12:59:00+00:00","dateModified":"2019-06-28T12:59:58+00:00","breadcrumb":{"@id":"https:\/\/fiets.wp-forma.be\/product\/trek-lm5-heren\/#breadcrumb"},"inLanguage":"fr-BE","potentialAction":[{"@type":"ReadAction","target":["https:\/\/fiets.wp-forma.be\/product\/trek-lm5-heren\/"]}]},{"@type":"BreadcrumbList","@id":"https:\/\/fiets.wp-forma.be\/product\/trek-lm5-heren\/#breadcrumb","itemListElement":[{"@type":"ListItem","position":1,"name":"Home","item":"http:\/\/fiets.wp-forma.be\/"},{"@type":"ListItem","position":2,"name":"Shop","item":"https:\/\/fiets.wp-forma.be\/?page_id=32"},{"@type":"ListItem","position":3,"name":"Trek LM5+ Heren"}]},{"@type":"WebSite","@id":"http:\/\/fiets.wp-forma.be\/#website","url":"http:\/\/fiets.wp-forma.be\/","name":"Fietsen Van Campenhout","description":"","publisher":{"@id":"http:\/\/fiets.wp-forma.be\/#organization"},"potentialAction":[{"@type":"SearchAction","target":{"@type":"EntryPoint","urlTemplate":"http:\/\/fiets.wp-forma.be\/?s={search_term_string}"},"query-input":"required name=search_term_string"}],"inLanguage":"fr-BE"},{"@type":"Organization","@id":"http:\/\/fiets.wp-forma.be\/#organization","name":"Fietsen Van Campenhout","url":"http:\/\/fiets.wp-forma.be\/","sameAs":["https:\/\/www.instagram.com\/fietsenvancampenhout\/","https:\/\/www.facebook.com\/Fietsen-Van-Campenhout-298572584079785"],"logo":{"@type":"ImageObject","inLanguage":"fr-BE","@id":"http:\/\/fiets.wp-forma.be\/#\/schema\/logo\/image\/","url":"http:\/\/fiets.wp-forma.be\/wp-content\/uploads\/2019\/01\/fietsen-van-campenhout-logo.png","contentUrl":"http:\/\/fiets.wp-forma.be\/wp-content\/uploads\/2019\/01\/fietsen-van-campenhout-logo.png","width":300,"height":232,"caption":"Fietsen Van Campenhout"},"image":{"@id":"http:\/\/fiets.wp-forma.be\/#\/schema\/logo\/image\/"}}]}},"brands":[{"id":52,"name":"Trek","slug":"trek"}],"_links":{"self":[{"href":"https:\/\/fiets.wp-forma.be\/fr\/wp-json\/wp\/v2\/product\/3110"}],"collection":[{"href":"https:\/\/fiets.wp-forma.be\/fr\/wp-json\/wp\/v2\/product"}],"about":[{"href":"https:\/\/fiets.wp-forma.be\/fr\/wp-json\/wp\/v2\/types\/product"}],"replies":[{"embeddable":true,"href":"https:\/\/fiets.wp-forma.be\/fr\/wp-json\/wp\/v2\/comments?post=3110"}],"wp:featuredmedia":[{"embeddable":true,"href":"https:\/\/fiets.wp-forma.be\/fr\/wp-json\/wp\/v2\/media\/3111"}],"wp:attachment":[{"href":"https:\/\/fiets.wp-forma.be\/fr\/wp-json\/wp\/v2\/media?parent=3110"}],"wp:term":[{"taxonomy":"pwb-brand","embeddable":true,"href":"https:\/\/fiets.wp-forma.be\/fr\/wp-json\/wp\/v2\/pwb-brand?post=3110"},{"taxonomy":"product_cat","embeddable":true,"href":"https:\/\/fiets.wp-forma.be\/fr\/wp-json\/wp\/v2\/product_cat?post=3110"},{"taxonomy":"product_tag","embeddable":true,"href":"https:\/\/fiets.wp-forma.be\/fr\/wp-json\/wp\/v2\/product_tag?post=3110"}],"curies":[{"name":"wp","href":"https:\/\/api.w.org\/{rel}","templated":true}]}}

<p>De LM5+ is waar een fraai uiterlijk, comfort en betrouwbaarheid samenkomen in een elektrische vrijetijdsfiets die nauwelijks onderhoud nodig heeft. Van het frame tot aan de contactpunten is elk onderdeel van deze e-bike ontworpen vanuit het oogpunt van comfort. Hij heeft een 500 Wh accu die in de onderbuis is geïntegreerd en een Cable GuidR stuurpen die de kabels beschermt en netjes wegwerkt. Het comfort-georiënteerde ontwerp en de geïntegreerde Shimano 8-speed aandrijving maken hem meer dan geschikt voor langere ritten, woon-werkverkeer of gewoon een ontspannen ritje op het fietspad na het werk.</p>
